0?
-112
In base 9, what is -8 - -21?
12
In base 11, what is -a - -2a?
20
In base 15, what is -7 + 27c?
275
In base 14, what is 54b4 - -3?
54b7
In base 7, what is 33304 - -4?
33311
In base 16, what is -e + 47?
39
In base 16, what is 6 - -19?
1f
In base 15, what is 2dac - -4?
2db1
In base 5, what is -1343 + -1?
-1344
In base 8, what is -4 - 261?
-265
In base 6, what is 1 - 31?
-30
In base 6, what is 4 + 125?
133
In base 8, what is 15 - -116?
133
In base 13, what is -1b - -7?
-14
In base 15, what is -7 + -46?
-4d
In base 7, what is -4 + 1325?
1321
In base 12, what is -1a - 34?
-52
In base 7, what is -4664 - -5?
-4656
In base 13, what is 0 - -4?
4
In base 16, what is 48 - -a?
52
In base 16, what is 6 + -8?
-2
In base 2, what is 1 + -1110001?
-1110000
In base 14, what is -48 - -5?
-43
In base 14, what is -6 - 109?
-111
In base 10, what is -540 - -9?
-531
In base 12, what is 90 - 2?
8a
In base 13, what is -5 - 6b5?
-6ba
In base 10, what is -18 - -4?
-14
In base 2, what is -101000011 + 11?
-101000000
In base 14, what is 24 + -20?
4
In base 14, what is -5 - -6?
1
In base 12, what is 18b92 + -2?
18b90
In base 8, what is 6 - 171?
-163
In base 12, what is -2 + 137?
135
In base 11, what is 28 + -a0?
-73
In base 14, what is 20 + 2?
22
In base 5, what is -4 + 2030?
2021
In base 7, what is 64 + 1?
65
In base 10, what is 106 + 17?
123
In base 13, what is -3 + -124?
-127
In base 16, what is 4 - -16?
1a
In base 13, what is -16b + -5?
-173
In base 2, what is -10100 - -110000?
11100
In base 11, what is -168 + 0?
-168
In base 16, what is -90 + -a?
-9a
In base 6, what is 4 - -15131?
15135
In base 8, what is 31 - -134?
165
In base 11, what is 51 + -88?
-37
In base 16, what is -a27 + -1?
-a28
In base 8, what is 42 + -3?
37
In base 15, what is 2de4 - 5?
2dde
In base 16, what is 98 - 2?
96
In base 3, what is -211122 + 2?
-211120
In base 15, what is 5 + -11?
-b
In base 11, what is -370 + -9?
-379
In base 14, what is 0 + 4?
4
In base 2, what is -11110110 - -1?
-11110101
In base 11, what is -1236 - -6?
-1230
In base 8, what is -3 - -101?
76
In base 4, what is -1221 - 12?
-1233
In base 14, what is 19 + 5?
20
In base 9, what is 714 + -3?
711
In base 7, what is 3 + -2254?
-2251
In base 4, what is -3211 - 132?
-10003
In base 10, what is -22 - 20?
-42
In base 3, what is 121 - 1022?
-201
In base 8, what is 1 - 7256?
-7255
In base 6, what is -522 - -1?
-521
In base 7, what is 222 - -3?
225
In base 2, what is -10000011000 + -10?
-10000011010
In base 2, what is -10101001101001 + 1?
-10101001101000
In base 8, what is 2 + -316?
-314
In base 7, what is -5 + 66?
61
In base 12, what is -13 + -29?
-40
In base 12, what is 2298 + 2?
229a
In base 5, what is -4 - 112042?
-112101
In base 5, what is -13 + 11?
-2
In base 5, what is 10 - -202?
212
In base 9, what is -18 - 1322?
-1341
In base 15, what is -3 - -1360?
135c
In base 3, what is 22002 - -2?
22011
In base 11, what is -1241 - 1?
-1242
In base 12, what is -2 + 46?
44
In base 2, what is -100 + 101?
1
In base 16, what is 45 - -8?
4d
In base 10, what is 73 + 24?
97
In base 8, what is -4 - -13002?
12776
In base 6, what is 4 - 1?
3
In base 14, what is -199d + 0?
-199d
In base 13, what is -3a - -19?
-21
In base 14, what is 3 + 93?
96
In base 3, what is 101221 - 1?
101220
In base 7, what is -145 + -1?
-146
In base 7, what is -25351 - -3?
-25345
In base 7, what is 1 - -12210?
12211
In base 6, what is 44 + -102?
-14
In base 12, what is 221 - -1?
222
In base 5, what is -22000 + 2?
-21443
In base 16, what is -53 - 8?
-5b
In base 7, what is -2321 - 0?
-2321
In base 2, what is 10010 + -10111?
-101
In base 13, what is 361 - 16?
348
In base 9, what is -2 - -1642?
1640
In base 6, what is -1 + -2013?
-2014
In base 2, what is -1010 - 110010001111?
-110010011001
In base 7, what is 6 - 61?
-52
In base 6, what is -4 + 24?
20
In base 9, what is 5 - -112?
117
In base 9, what is -327 - 110?
-437
In base 11, what is -4 + -483?
-487
In base 16, what is c + 64?
70
In base 14, what is -4 - -6?
2
In base 4, what is 11 - -233003?
233020
In base 12, what is -54 + 112?
7a
In base 10, what is -24 - 144?
-168
In base 16, what is 0 - -39?
39
In base 11, what is 17 - -27?
43
In base 15, what is -150 - -29?
-126
In base 10, what is -243 - -12?
-231
In base 10, what is -530 + 3?
-527
In base 7, what is -5 + -122?
-130
In base 7, what is 163264 - 0?
163264
In base 2, what is 11 - -10001100?
10001111
In base 14, what is 3 - 11?
-c
In base 3, what is 1 + 122111?
122112
In base 14, what is -3 + 204?
201
In base 9, what is 121 + -5?
115
In base 7, what is -10 - 323?
-333
In base 12, what is 1 - 2111?
-2110
In base 15, what is -c - 1?
-d
In base 11, what is -a14 + -2?
-a16
In base 15, what is -4 - 22?
-26
In base 2, what is -101 + 1111100000?
1111011011
In base 6, what is 3 + -523?
-520
In base 4, what is 1113122 - -1?
1113123
In base 16, what is 1de + 5?
1e3
In base 2, what is -1011000000111 - 0?
-1011000000111
In base 6, what is 2135 + 5?
2144
In base 7, what is -4051 + 4?
-4044
In base 16, what is 3 + 29?
2c
In base 10, what is 23 - -122?
145
In base 14, what is -5350 - 5?
-5355
In base 2, what is 1 - -111111001?
111111010
In base 11, what is 1 - -140?
141
In base 5, what is 10 - 110423?
-110413
In base 7, what is 2 - 201?
-166
In base 7, what is -524 - 36?
-563
In base 9, what is -3 - 155?
-158
In base 2, what is -1100001 + 0?
-1100001
In base 8, what is -1134 - -10?
-1124
In base 13, what is -4 - 39?
-40
In base 16, what is -a - 9?
-13
In base 10, what is -2 - -414?
412
In base 10, what is 0 + -3467?
-3467
In base 2, what is 11101 - -11000?
110101
In base 7, what is 16 - -3?
22
In base 15, what is 1 + d1?
d2
In base 16, what is 27 - -3?
2a
In base 8, what is 2370 + -4?
2364
In base 7, what is 24364 + -5?
24356
In base 5, what is 4 + 10033?
10042
In base 16, what is 7d - -4?
81
In base 16, what is -21 - -3?
-1e
In base 6, what is -25055 - 0?
-25055
In base 2, what is 11 + -10001001?
-10000110
In base 8, what is -5 - 52?
-57
In base 3, what is -2 + -211?
-220
In base 8, what is -41 + 102?
41
In base 11, what is -186 - 1?
-187
In base 16, what is 3 - -2a?
2d
In base 4, what is 3 + -22031?
-22022
In base 15, what is -263 - 5?
-268
In base 7, what is 12345 - 0?
12345
In base 15, what is 487e + 2?
4881
In base 7, what is -3 - 1226?
-1232
In base 8, what is 0 - 1237?
-1237
In base 2, what is -1001101011 + 0?
-1001101011
In base 4, what is -2030332 - -2?
-2030330
In base 8, what is 17 - 0?
17
In base 13, what is -1 + -218?
-219
In base 8, what is -4 - -311?
305
In base 15, what is 3 - 26?
-23
In base 11, what is -2 - 178?
-17a
In base 8, what is -324 - 4?
-330
In base 9, what is 727 - 2?
725
In base 12, what is 0 + -83?
-83
In base 14, what is -2 + -59?
-5b
In base 2, what is -1100 + 10101010?
10011110
In base 9, what is 4 - -1343?
1347
In base 12, what is 0 - -46?
46
In base 9, what is -4 + 207?
203
In base 11, what is -8a7 - 2?
-8a9
In base 9, what is 4 - 737?
-733
In base 3, what is 2 - 221?
-212
In base 4, what is -13101 - -10?
-13031
In base 7, what is 1 + -1125?
-1124
In base 14, what is -4 - -1132?
112c
In base 15, what is -2 - -1?
-1
In base 7, what is -101 + -1?
-102
In base 11, what is 39 + 37?
75
In base 3, what is -110 - 2?
-112
In base 15, what is 3 - 26?
-23
In base 5, what is 3 + 304?
312
In base 9, what is -1 + 241?
240
In base 2, what is 100000 + -111011?
-11011
In base 15, what is 3 + -50?
-4c
In base 2, what is -11 + 1?
-10
In base 16, what is 8 + 22?
2a
In base 4, what is 103 + 11200?
11303
In base 11, what is -2 - 1508?
-150a
In base 16, what is 45 + 5?
4a
In base 10, what is -7747 + -3?
-7750
In base 11, what is 4 - 853?
-84a
In base 8, what is -3 + 434?
431
In base 5, what is -24 - -2041?
2012
In base 9, what is 172 + 0?
172
In base 7, what is 216 + -211?
5
In base 4, what is 202 - 10?
132
In base 14, what is 4 - -6?
a
In base 5, what is 10 - -1220?
1230
In base 2, what is -101101 - 1100?
-111001
In base 13, what is -6bc + 5?
-6b7
In base 5, what is -3 + -14?
-22
In base 11, what is 5 + -1459?
-1454
In base 11, what is -9 - -2?
-7
In base 13, what is -1 + -21?
-22
In base 4, what is -31320 - -1?
-31313
In base 3, what is 20020 - -1111?
21201
In base 6, what is -3 - 124?
-131
In base 4, what is 2 - -1331?
1333
In base 10, what is -2 + 42?
40
In base 15, wha